v and 70?
14
Let n = -8 - -7. Let k(u) = -10*u - 1. Let x be k(n). Let l be (-20)/70 + 5748/126 + 1/(-3). Calculate the greatest common divisor of x and l.
9
Let o = -29320 + 29425. What is the greatest common factor of o and 695?
5
Suppose -3*w = 5*y + 181 + 149, 0 = -3*y + 5*w - 164. Let t = -36 - y. Let a = t - 24. What is the highest common divisor of 1 and a?
1
Let d(o) = -10*o**2 - 4*o + 12. Let h(k) = -11*k**2 - 3*k + 12. Let a(l) = -4*d(l) + 3*h(l). Let w be a(4). Calculate the highest common divisor of w and 32.
32
Suppose -5*b = -287 + 2. Let c(q) = -3051 + 8*q + 4*q + 2998. Let z be c(6). What is the highest common divisor of b and z?
19
Suppose -4*g + 10*z - 11*z = -172, -50 = -g - 2*z. What is the highest common divisor of 6622 and g?
14
Suppose 4*v + 3*i - 52 = 37, 0 = v + 3*i - 11. Let s = 4665 - 4067. Calculate the highest common factor of v and s.
26
Let l be ((-56)/3)/((-14)/105*5). Suppose l*d - 2986 = -522. What is the highest common divisor of d and 8?
8
Suppose -2*w - w + 32 = -4*b, 3*w + 4*b = 40. Suppose 5*m = 2*m + w. Let f be 1 + -2 - (m - 42/3). Calculate the greatest common factor of 63 and f.
9
Let a be 2892750/625 + ((-26)/40 - 5/(-20)). Calculate the highest common divisor of a and 832.
52
Suppose 13*r - 2*b = 8*r + 452, 2*r = -7*b + 134. Calculate the highest common divisor of 1540 and r.
44
Suppose -4*t + 52 = 2*j, -42 = -3*j + t + 2*t. Let r(g) = 181*g - 64. Let b be r(1). Calculate the greatest common divisor of j and b.
9
Let t be -1 - 1 - 29/((-261)/3258). Calculate the highest common divisor of t and 600.
120
Suppose r + 24545 = 4*a, 2*a + 3*r - 1690 = 10593. What is the highest common divisor of 34 and a?
17
Suppose -2*f = -z - 53, -2*z + 83 = 4*f - f. Let g be (-31 + 33)/(6/9)*-3. Let t = f - g. Calculate the highest common divisor of t and 36.
36
Let v = 4468 + -3496. What is the greatest common factor of v and 12?
12
Let k be (-11176)/(-6)*((-1425)/10)/(-95). Calculate the highest common factor of k and 154.
22
Suppose -3*j = -2*u + 145, 3*j + 37 = 3*u - 182. Suppose -u*k + 84 = -72*k. Suppose -140 = -2*o - 3*o. Calculate the greatest common factor of o and k.
14
Let n(i) = 749*i + 295. Let p be n(1). Calculate the highest common divisor of p and 1764.
36
Suppose 25*f + 5586 = 2*t + 24*f, 3*f - 12 = 0. What is the highest common divisor of 1075 and t?
215
Let p be (-3 - 0) + (-12 - -107). Let s = p + -32. Let o be (-5)/6 + (-855)/(-54). What is the highest common factor of o and s?
15
Let w be 204/4 + (-5)/1. Suppose -2*a + 2*h + w = 0, 9*a + 5*h + 97 = 13*a. Calculate the highest common factor of a and 30.
6
Let c = 10453 + -10345. Calculate the greatest common divisor of c and 3396.
12
Suppose -5*o = 21 - 1496. Let x be (2950/(-40))/5*(-8 - 0). What is the greatest common factor of o and x?
59
Let i(m) = -m**3 - 20*m**2 - 62*m + 30. Let a be i(-16). Let u be (-4864)/(-380)*(-95)/a. Calculate the greatest common factor of 38 and u.
38
Let g = 41979 - 41759. Suppose 5*u + o - 164 = 0, -2*o = u - 37 + 6. What is the greatest common factor of u and g?
11
Let i be (3 - 7)/(-1 + 0). Suppose -i*c + 448 - 88 = 0. What is the highest common divisor of c and 120?
30
Let u be (-13)/91 + (-1704)/(-21). What is the highest common factor of 159 and u?
3
Suppose 442 - 166 = 6*u. Let a = 50 - u. Let g(k) = -k**2 + 7*k - 6. Let l be g(a). Calculate the greatest common divisor of 18 and l.
6
Suppose 5*h - 2165 = -5*d, 154*d = 152*d - 3*h + 857. Let a(u) = 2*u**2 - 18*u + 6. Let z be a(12). Calculate the greatest common divisor of z and d.
26
Suppose 0 = -11*u + 13*u - 170. Let j(h) be the first derivative of 3*h**2/2 - 7*h - 30. Let z be j(8). Calculate the highest common factor of z and u.
17
Let f(l) = -l**3 + 5*l**2 - 2*l - 1. Let x be f(3). Suppose -3*g - 585 = -2*b, -5*b = 4*g + 542 - 2039. Calculate the highest common divisor of x and b.
11
Suppose -10907 = -36*y - 467. Let h = -268 + y. Calculate the greatest common divisor of h and 22.
22
Suppose -612*w + 608*w = -112. Calculate the greatest common divisor of w and 25844.
28
Let j(y) = 1432*y**2 - 5*y + 13. Let m be j(1). What is the greatest common divisor of 54 and m?
18
Suppose 4*b - 141 = -3*n, -3*b = 104*n - 108*n - 87. Calculate the highest common divisor of 13233 and b.
33
Let q = -17560 - -17568. Calculate the highest common factor of q and 2824.
8
Let r = -10303 + 21178. What is the highest common factor of r and 45?
15
Let m = -34 - -1046. What is the highest common divisor of 736 and m?
92
Let p = 228 - 195. Suppose 0 = 6*g - 44 + 26. What is the highest common factor of g and p?
3
Let w be (2 - (-26)/3)*(6426/84 - 45). What is the greatest common divisor of w and 3808?
112
Suppose 0 = -3*r + r + 320. Let u(f) = 16*f + 5. Let y(n) = -n. Let o(w) = -u(w) + 5*y(w). Let j be o(-1). Calculate the greatest common factor of r and j.
16
Suppose -65*b + 99*b = 680. Let x(c) = -5*c + 3. Let h be x(-1). Calculate the greatest common factor of h and b.
4
Let h = -3336 + 3408. Calculate the highest common divisor of 232 and h.
8
Suppose 2*g + 2 = 0, -53*u = -51*u + 5*g + 47. Let h be ((-468)/273)/(2/u). Calculate the highest common divisor of 42 and h.
6
Let i(w) = -w + 17. Suppose 4*x + 9 = -3*k - 2, 4*k - 27 = 3*x. Let t be i(x). What is the greatest common divisor of t and 55?
11
Suppose -18*f + 13*f = 3*j - 565, -f + 85 = -5*j. Let n = -3 + 6. Suppose 5*t - f = -n*h, h - 56 = -h + t. What is the highest common factor of 12 and h?
6
Suppose 16*c = -44*c + 10140. Calculate the highest common divisor of c and 1950.
13
Suppose 26*g + w = 30*g - 795, -3*w = -g + 174. Calculate the highest common factor of 1675 and g.
67
Let t = -42 + 44. Let h(k) = -8*k**2 + 2*k + 2*k**2 + 15 + 7*k**t. Let b be h(0). What is the highest common divisor of b and 165?
15
Suppose 0 = -5*u - f + 16485, 3*u = -f - 3696 + 13585. What is the greatest common divisor of 582 and u?
194
Let f(a) = a**3 + 19*a**2 - 74*a - 88. Let b be f(-22). What is the highest common factor of 19052 and b?
44
Suppose -340*z + 476*z + 566*z = 2808. Let p be (2/3)/((-3)/(-72)). Suppose 0 = 3*d - d - p. Calculate the highest common factor of d and z.
4
Let f be (-7 - -5)*(-9)/6. Suppose 4*j - f*j = 5*o - 94, 0 = -2*o - 4*j + 20. What is the highest common divisor of o and 54?
18
Let x(s) be the third derivative of s**5/20 - 3*s**4/8 - 2*s**3/3 - 3*s**2. Let r be x(4). Calculate the highest common divisor of r and 14.
2
Suppose 0 = 5*y - 44 - 16. Let o be 2/y - 568/(-48). Suppose -l + 145 + 42 = 4*f, f = -5*l + 23. Calculate the greatest common factor of f and o.
12
Let v(f) = -15*f**3 - 639*f + 5*f**3 + 635*f - 3*f**2. Let i be v(-5). Let y be i/25 + (-1)/(-5). Calculate the highest common divisor of 12 and y.
12
Let j(c) = c**3 + c**2 - 2*c + 3. Let q be j(4). Let z(d) = d**3 - 7*d**2 - 2*d + 12. Let h be z(8). What is the greatest common divisor of q and h?
15
Suppose 4 = -5*m + 219. Suppose -44*n + m*n = -104. What is the greatest common factor of 13 and n?
13
Let y(g) = 3*g**3 - 68*g**2 + 48*g - 28. Let x be y(22). Calculate the greatest common factor of 2390 and x.
10
Suppose 5*i + 50 = 330. Suppose s = -3*j + 97, -1786*s - j = -1783*s - 331. Calculate the greatest common divisor of s and i.
56
Suppose -175*u - 539*u + 888930 = 0. Calculate the highest common factor of 24 and u.
3
Let p(r) = -r**3 + 8*r**2 + 16*r + 180. Let u be p(10). What is the greatest common divisor of 43820 and u?
140
Suppose 5*j - k = 538, 638*j = 642*j + 2*k - 436. Calculate the greatest common divisor of 28 and j.
4
Let g = 23 - 13. Let v = -94 - -97. Suppose 3*a = -v*c + 57, -2*c + a = 3*c - 71. Calculate the greatest common factor of g and c.
5
Let f be (114304/8272)/((-2)/(-11)). Let p(l) = 24*l**3 + l**2 - 4*l + 1. Let z be p(3). Calculate the highest common factor of f and z.
38
Suppose -487920 = 287*g - 608*g. What is the highest common divisor of 360 and g?
40
Let c be 1348 + 20968 + 20/(-1). Calculate the highest common divisor of 36 and c.
12
Let i be 30296/420 + -1 + 26/30. Let u = -36 - -21. Let q = u + 23. What is the highest common factor of i and q?
8
Suppose -5*y = m - 92311, y - 325*m - 18500 = -321*m. Calculate the greatest common factor of 64 and y.
32
Let r(a) = -a**3 - 21*a**2 + 21*a + 30. Let k be r(-22